+ 3. Let t(h) = h - 15. Let o be t(11). Is a(o) a composite number?
True
Let h = -1241 + 4342. Is h a prime number?
False
Let s(h) = 0 + 2*h**2 - 4 - 1 - 14*h. Let t be s(10). Suppose 5*w = -a + t, 3*w - 33 = -a - a. Is w a composite number?
False
Suppose -5*f - 3*g = -1181, 0 = 2*f + 2*g - 269 - 201. Suppose -7*j + f = -5*j. Is j a composite number?
True
Is 154 + (3 - 6) + -2 composite?
False
Let r(i) = 112*i - 2. Let l(j) = -112*j + 3. Let z(g) = -3*l(g) - 4*r(g). Is z(-1) a prime number?
False
Let s be 9/5*5/1. Let y(v) = v**2 - 7*v - 12. Let d be y(s). Let z = d - -139. Is z composite?
True
Let x(c) = 2*c**2 + 53*c + 25. Is x(-28) a prime number?
True
Suppose 3 = 2*g - 1. Suppose -5*h + 3*o + 349 = -0*h, 0 = -4*h - g*o + 266. Suppose 5*u - h = 117. Is u a composite number?
False
Suppose -2*y - 242 = -4*y. Is y a composite number?
True
Suppose -3 = 3*n - 18. Suppose 765 = n*a + 3*v + v, 0 = -2*a + v + 293. Is a composite?
False
Is (2 - 0)/(2/419) prime?
True
Suppose -5*i = -2 - 3. Is ((-1)/(-2))/(i/298) composite?
False
Let v = -4 + 8. Let j be 1/(2/2)*v. Suppose -j*a = 4*i - 96, 5*a + i = -2*i + 114. Is a a prime number?
False
Suppose 4*l - 246 = -2*a, 0*l - l = -4*a + 537. Is (a/(-21))/((-1)/3) prime?
True
Suppose 0 = -5*b + 20, 170 = 2*u + b - 2*b. Is u composite?
True
Let q(x) = 82*x**2 - 10*x + 43. Is q(3) a composite number?
False
Let o = -357 + 512. Is o a composite number?
True
Let r = -100 - -147. Suppose -4*w + 849 = -r. Suppose -5*n + 21 = -w. Is n a prime number?
False
Suppose 4*s - 6*s + 50 = 0. Is s a composite number?
True
Let u = -133 - -89. Let j = u - -97. Is j a prime number?
True
Let q(u) = 0 + 85*u**2 + 47*u**2 - 1. Let k be (-6)/9 + 10/6. Is q(k) prime?
True
Suppose 4*d - 605 = -5*n, 0*d - 4*d + 4*n + 560 = 0. Is d a composite number?
True
Suppose 7*l = 384 + 29. Is l a composite number?
False
Let w = -169 - -248. Is w composite?
False
Let f(r) = -r. Suppose 0 = -4*c - c. Let n be f(c). Suppose n = 3*m - 4*m + 53. Is m composite?
False
Suppose -5*z - 438 - 1767 = 0. Let r = -178 - z. Is r a composite number?
False
Suppose -20 = -2*q - 0*w + 4*w, 2*q + 4*w = 36. Is q composite?
True
Let j = 64 + -34. Let g = j - 18. Is (2 + g)/((-2)/(-13)) prime?
False
Suppose 4*z = 16, -z = 2*f - 6*z + 56. Let v = f + 28. Is v a composite number?
True
Suppose -47 = -i - 0*i. Suppose 87 = 5*h + 3*s - 4*s, 4*h - 63 = 3*s. Let b = h + i. Is b composite?
True
Let y(h) = 2*h**3 - 15*h**2 + 14*h - 5. Is y(10) composite?
True
Suppose -4*q - q + 15 = 0. Suppose q*k + 690 = 2193. Suppose -k = c - 4*c. Is c prime?
True
Let b = 1283 - 855. Suppose -y + 461 + b = 0. Is y composite?
True
Suppose 0 = -3*q - 3*d + 18, 3*d = -2*q - 3*q + 30. Let o(s) be the first derivative of s**2/2 + 8*s + 1. Is o(q) composite?
True
Let z(l) = -l**2 - 7*l. Let a be z(-7). Is 0 + 118 + 3 - a prime?
False
Suppose 5*d + 4*w = 3*d - 56, 0 = 5*w - 5. Is (-20)/d - (-247)/3 a composite number?
False
Let a = 656 + -42. Suppose -4*p = -2*p - a. Is p a composite number?
False
Let c(b) = 2*b**2 + 2*b + 1. Let n be c(-1). Let k = n + -3. Is (2 + 33)*(-1 - k) prime?
False
Let h = 468 - 227. Let g = h - 30. Is g a composite number?
False
Let m(z) = z**2 + 251. Is m(0) composite?
False
Suppose -22 = -4*p - 3*x - 0, 3*x + 10 = 4*p. Suppose 0 = -5*n + 10, 3*y - n + p*n = 255. Is y a composite number?
False
Let n = -11 - -13. Is 2 - -1 - (n - 78) a composite number?
False
Suppose -3*y + 5 = -4. Suppose -193 = -o - 4*o - y*n, 4*n = 5*o - 186. Is o a composite number?
True
Let o be 5/30 + (-29)/(-6). Is 112/o - 4/10 composite?
True
Suppose -5*n = 5, -4*n = -g + 4 - 2. Is (-78)/8*g*2 composite?
True
Is (-1*3511)/(1/4*-4) a composite number?
False
Let v = -55 - -66. Is v a composite number?
False
Suppose 7*w = 4*w. Suppose -t + 2*l + 10 = 0, w*l + 15 = -3*t - 3*l. Suppose 2*f + 2*b + 49 - 157 = 0, t = -3*f + 5*b + 170. Is f prime?
False
Let v = -62 - -331. Is v composite?
False
Let m = 1810 + 2019. Is m a composite number?
True
Suppose -5*i = -3*m - 4826, 2*m + 961 = -3*i + 4*i. Is i a prime number?
True
Suppose -2*d - 2 = 0, 4*l - 10741 = -l - 4*d. Is l composite?
True
Let l be ((-8)/10)/((-4)/10). Suppose l*t + 171 = 457. Is t composite?
True
Let n = -4304 - -7757. Is n a prime number?
False
Let i = 3 + 2. Suppose 3*s - s - 2*m - 868 = 0, 3*s - 1298 = -m. Suppose i*f - 2*b = s, 2*f - 140 - 10 = -5*b. Is f a composite number?
True
Let k = -55 + 86. Is k composite?
False
Let y = 1128 + -683. Is y prime?
False
Let v be (-10)/45 - (-1750)/18. Suppose 4*b = -2*r + 356, 3*b - 170 - v = -r. Is b a composite number?
False
Let c = 7 + -4. Is 186 - ((-3)/c - 0) a prime number?
False
Let r(b) = 3*b**3 - 4*b**2 - 2*b + 2. Let x be r(-2). Let f be -1 - (-3)/6*x. Let j = f - -92. Is j a composite number?
True
Let b be (-1)/(-2) + (-57)/2. Let x = b + 50. Is x composite?
True
Let i = 317 - 100. Is i a composite number?
True
Let k(i) be the third derivative of i**7/630 + 7*i**6/720 - i**5/30 - i**4/24 - 3*i**2. Let q(t) be the second derivative of k(t). Is q(5) composite?
False
Suppose 4*j = -4*b + 2*b - 32, 0 = -2*j - 2*b - 18. Let z(g) = 2*g**2 + 11*g + 5. Is z(j) composite?
True
Let n be -1 - (-14 + -2)/2. Let f = n + -4. Is f/(1*3/123) a composite number?
True
Suppose 43 - 389 = -s - 5*l, l = 3. Is s a prime number?
True
Suppose 5*h = -2*q + 1272, 2*q - 2*h - 1490 = -232. Is q prime?
True
Suppose -4*r - r + 2*o = -20, -4*o = -2*r + 24. Suppose -8*i + 4*i + 44 = 0. Suppose -r*v + i = -33. Is v composite?
True
Let c(l) = 3*l - 2. Let o be c(4). Is (-2)/o - (-32)/10 prime?
True
Let h = 0 + -9. Let j = -2 - h. Is j a prime number?
True
Suppose -3*r + 317 = -130. Is r composite?
False
Suppose -9 + 25 = 2*r. Suppose -3*m + 4*z = -r, z = -3*m - m + 17. Suppose t = -3*n + 205, m*t - 756 = -4*n + 48. Is t composite?
False
Suppose 5*j - 5*m - 29893 = -m, -5*m - 23909 = -4*j. Is j a composite number?
False
Is (-4438)/(-10) - 64/80 prime?
True
Suppose -5*c + 2 + 13 = 5*t, -3*c + 19 = -2*t. Let x = 4 + t. Let d = 11 - x. Is d composite?
True
Suppose -5*t - 435 = -3*z, 5*t = 2*z - 223 - 67. Is z a prime number?
False
Is (-1724)/(-2) - (3 - 6) prime?
False
Let o = -885 - -1654. Is o a prime number?
True
Let m be ((-72)/16)/((-2)/4). Let n(u) = 7*u + m - u + 7 - 3. Is n(9) prime?
True
Let b(t) = t**2 + 6*t + 31. Is b(-9) composite?
True
Is -3134*(-6)/(-4)*7/(-3) prime?
False
Let i = -76 - -29. Is (-12)/6 - (i + -1) prime?
False
Suppose 0 = 5*f + 198 - 858. Let m = 191 - f. Is m a prime number?
True
Let n(s) = 6*s + 3. Let c(p) = p + 1. Let g(w) = -3*c(w) - n(w). Let b be 1/7 - 144/28. Is g(b) prime?
False
Let k(i) = i + 10. Let p be k(0). Is (-8 - -3)*(-76)/p prime?
False
Is ((-39)/(-9) - 4)*1041 a prime number?
True
Is 1496/2 - (3 + 0 + 0) prime?
False
Suppose -t + 12 = -83. Let z = t - -148. Let c = -110 + z. Is c a prime number?
False
Let b(w) = -6*w + 1. Let k be b(-6). Suppose -a = -2*a + k. Is a a composite number?
False
Let l = 55 + -24. Let m = 58 + l. Is m composite?
False
Suppose 0 = 2*b + b. Suppose 4*k = -b + 8, -k = 4*a - 1342. Is a composite?
True
Suppose -6*w = 4*r - 5*w - 2096, -4*w = r - 539. Is r a prime number?
True
Suppose t = -j + 378, -1500 = 3*t - 7*t - j. Suppose -5*s + t - 29 = 0. Is s a composite number?
True
Let n = 340 + 747. Is n a composite number?
False
Let p(r) = -r**2 + 6*r + 1. Let z be p(6). Let x = -1 + z. Suppose x = -5*j + 281 + 164. Is j a prime number?
True
Let a = 13 - -12. Let w be ((-56)/10)/((-1)/5). Let k = w + a. Is k a composite number?
False
Suppose 0*x + 4218 = -2*x. Is (-3)/(-6) - x/2 a prime number?
False
Suppose -4*j = -9*j. Suppose 4*l + l - 10 = j. Let t(z) = 25*z - 1. Is t(l) composite?
True
Let n be ((-1)/((-1)/3))/(-1). Let t = n - -6. Is t*(2 - 2 - -11) composite?
True
Suppose 3*k = -5*k + 3832. Is k composite?
False
Let k = -889 - -1356. Is k prime?
True
Is ((-8007)/9)/((-1)/(-3)*-1) composite?
True
Let y = 146 - 19. Is y a prime number?
True
Is (-14346)/27*6/(-4) a prime number?
True
Is 9*177 + (-4 - 0) a composite number?
True
Let a(n) = -n**3 + n**2 - 2. Let h(b) = -b**2 + 5*b - 4. Let d be h(4). Let l be a(d). Let v = l - -9. Is v a composite number?
False
Suppose 5*p + i - 2*i - 11 = 0, 4*p = -3*i + 24. Suppose 4*b = -2*a + 56, b - 2 = -5*a + p.